 6, 3*t + 0 + 9 = 0. Let z(w) = 8*w + 2. Suppose -2*j = -5*u + u - 8, -5*j - 2*u + 32 = 0. What is the remainder when z(p) is divided by j?
4
Suppose -p = -2, -3*r - 4*p = -9 - 20. Let g = 3 + 15. What is the remainder when g is divided by r?
4
Suppose 3*c - 39 - 9 = 0. Let m = -12 + c. What is the remainder when m is divided by 2?
0
What is the remainder when 166 is divided by (-2)/30*9 - (-233)/5?
28
Let f = -38 + 60. Suppose 6*p - 168 = -0*p. Let k = -20 + p. What is the remainder when f is divided by k?
6
Suppose -116*q - 72 = -120*q. Let u be (6/(-4))/(2/(-4)). Let m = u + q. What is the remainder when m is divided by 6?
3
Suppose j - 200 = -5*a - 4*j, -5*j = 2*a - 83. Let t(y) = 2*y - 1. What is the remainder when a is divided by t(4)?
4
Let t(o) = -6*o - 176. Calculate the remainder when t(-38) is divided by 16.
4
Calculate the remainder when (8 - 12) + (4 - -15) is divided by 10.
5
Suppose -5*y + y = 0. Suppose 12 = 3*h - y. Suppose h*d = -4, -2*i + 5*d + 10 = -51. What is the remainder when 83 is divided by i?
27
Let x = -10 + 21. Suppose 5*h = -19 - x. Calculate the remainder when 11 is divided by 2/(-3) - 46/h.
4
Suppose 0 = 14*v - 13*v + 116. Let z = -104 - v. What is the remainder when 21 is divided by z?
9
Let d(y) = y**3. Let c be 2/7 + (-116)/14. Let o = c + 11. What is the remainder when d(2) is divided by o?
2
Let g be 4/(-6) - 2/6 - 1. Let v(p) = -p + 19. What is the remainder when 103 is divided by v(g)?
19
Let h = 419 - 213. Calculate the remainder when h is divided by 13.
11
Suppose 0 = -8*p + 32 - 0. What is the remainder when p/6 - ((-6888)/9)/7 is divided by 7?
5
Suppose 0*d = 2*d - 2. Let h(b) = 25*b**3 + 1. Calculate the remainder when h(d) is divided by (-7)/1*60/(-42).
6
Suppose 0*j + 2*u + 6 = 4*j, 10 = 2*u. Suppose 20 = -j*z + 76. Suppose -8 = -v + 18. What is the remainder when v is divided by z?
12
Let r(w) = -199*w**3 - 2*w**2 - 4*w - 2. Let z be r(-1). Let t = z + -197. Suppose 0 = 4*k - 31 - 1. Calculate the remainder when k is divided by t.
0
Let l(u) = 3*u**3 + 20*u**2 + 6*u - 17. What is the remainder when 623 is divided by l(-5)?
77
Suppose 2*f + 9 = -5*u, -2*f = 4*u - u - 1. Let y(q) = -q**2 + 12*q. Let i be y(12). Let k(c) = 10*c + 15. What is the remainder when k(i) is divided by f?
7
Calculate the remainder when 176 is divided by 7/(-1)*-10*(-15)/(-35).
26
Let k = -364 - -385. Calculate the remainder when 1174 is divided by k.
19
Suppose -20 = -0*j - j + 4*w, -23 = -j + 5*w. What is the remainder when j is divided by 3?
2
Let m(h) = 2*h + 0*h + 12 + 2*h. What is the remainder when 70 is divided by m(3)?
22
Suppose 137 = 8*c - 279. Calculate the remainder when 151 is divided by c.
47
Suppose 5*l - 522 = -4*q, 4*q - 2*q - 526 = -5*l. Let k = l + -103. Calculate the remainder when 12 is divided by k.
0
Let w be 2 + -2 + (-1 - -23). Suppose 0*h + w = 2*m - 2*h, -22 = -2*m + 3*h. Calculate the remainder when m is divided by ((-1)/(-4))/(3/36).
2
Let n(v) = -v**3 + 4*v**2 - 2*v + 9. Let p be n(4). Let d be 1/(1/p) + 8. What is the remainder when 9 is divided by 56/d - (-22)/(-99)?
3
Suppose -281 - 205 = -18*t. Calculate the remainder when 155 is divided by t.
20
Let o = -77 - -102. What is the remainder when 195 is divided by o?
20
Suppose 0 = -5*d - 2*k + 7, -d - 3*k - 3 = 6. Suppose -4*o = d*y + 56, -o - 2*o = -y + 42. Let a = 2 - o. What is the remainder when 94 is divided by a?
14
What is the remainder when (-30)/(-390) + (-204)/(-52) is divided by 2?
0
Let m be 0/(5 - 0) - (-4)/1. Suppose 2*r + 3*d - 33 = 256, -4*r = -m*d - 608. Calculate the remainder when r is divided by 38.
35
Let q be ((-40)/3)/(-5)*-6. Let d = q - -23. Suppose -f - 4*y - d = 0, 3*f + 0*f - 4*y - 27 = 0. Calculate the remainder when 19 is divided by f.
4
Let w(q) = -78*q - 39. Calculate the remainder when 505 is divided by w(-1).
37
What is the remainder when 751 is divided by (-108)/(-7)*(5 - (7 - 9))?
103
Suppose 0*m - 3*m + 33 = 0. Suppose -8*r + m = -7*r. Let j(v) = -v**3 - 5*v**2 + 7*v - 6. Calculate the remainder when j(-7) is divided by r.
10
Let f(m) = 4*m**3 - 4*m**2 + 4*m - 3. Suppose -47 = -2*v + q + 2*q, 5*v = 2*q + 134. Calculate the remainder when f(3) is divided by v.
25
Let j be -1*(4 - 1) + 52. Suppose -54*m = -j*m - 125. Calculate the remainder when (-48)/(2*(-1)/2) is divided by m.
23
Suppose 0*d + 4*d = 16, 0 = 2*t - 4*d. Suppose 0 = -t*a - 34 + 194. What is the remainder when 75 is divided by a?
15
Let l = 82 + -41. Let a = 57 - l. Calculate the remainder when 30 is divided by a.
14
Suppose 3 - 19 = -2*p. Let q(h) = -31*h - 16. Calculate the remainder when q(-1) is divided by p.
7
Suppose 0 = j - 3*j + 4. Suppose 0*m = -4*m + 112. What is the remainder when m is divided by j/(-3 - -5)*10?
8
Suppose -9 = -2*w - 29. Let g(o) = -o**3 - 9*o**2 + 7*o + 16. What is the remainder when g(w) is divided by 16?
14
Let g(s) = s + 82. Suppose -72 = 11*m + 115. Suppose 2*b + b - 51 = 0. Calculate the remainder when g(m) is divided by b.
14
Let b(z) = -z**2 - 24*z - 44. Let q be b(-22). What is the remainder when 48 is divided by (q + 3 - 2)/(1/17)?
14
Let p = -9 - 12. Let z = p + 24. Suppose -5*u = 0, 2*v = z*v - u - 15. What is the remainder when 44 is divided by v?
14
Let p(j) = j**2 - 6*j + 3. Let v = 13 - 7. Calculate the remainder when p(v) is divided by 6 + -4 + 3 + -2.
0
What is the remainder when (-117)/18*(-37 + -1) is divided by 50?
47
Suppose 2*z + 34 = f, 7*f - 181 = 2*f - z. Calculate the remainder when 3500/49 - 6/14 is divided by f.
35
Let v(w) = w**3 - 6*w**2 + 2*w - 5. Let p = 2 + -2. Suppose 2*m - 12 = -p*m. What is the remainder when 26 is divided by v(m)?
5
Suppose -2*h + 0*h + 2*a + 142 = 0, 3*h = -4*a + 185. Suppose -h*y + 105 = -62*y. What is the remainder when 57 is divided by y?
15
Let c(a) = a - 21. Let y be c(21). Suppose 19*q - 17*q - 70 = y. Calculate the remainder when 134 is divided by q.
29
Let f(j) = 7*j**2 - 57*j + 27. What is the remainder when f(10) is divided by 53?
51
Calculate the remainder when 16670/85 - 52/442 is divided by 10.
6
Let r(u) = -u + 6. Let i be r(0). Suppose -64 = -i*q - 2*q. What is the remainder when 11 is divided by q?
3
Let f(b) = b**2 + 6*b - 12. Calculate the remainder when f(-15) is divided by 42.
39
Let k(h) = 33*h + 46. What is the remainder when k(4) is divided by 23?
17
Let i(v) = 276*v - 17. Calculate the remainder when i(1) is divided by 52.
51
Calculate the remainder when (0 + (-84)/9)/(4/(-84)) is divided by 33.
31
Suppose -9*o - 1790 = -14*o. Calculate the remainder when o is divided by 19.
16
Suppose 4*m = g - 6 - 14, g = -4*m - 20. Suppose -3*l - 10 = -5*u, -u = -g*u + l - 2. Suppose -u*n - 1 = -27. Calculate the remainder when 23 is divided by n.
10
Let b(g) = -4*g + 28. Let w = 17 - 12. Suppose -67 = -3*z - 2*j, w*z - j - 97 = 3*j. What is the remainder when z is divided by b(4)?
9
Let r(l) = -14*l**3 - 7*l**2 - 23*l. Let o(z) = 5*z**3 + 2*z**2 + 8*z. Let b(t) = -17*o(t) - 6*r(t). What is the remainder when 44 is divided by b(8)?
12
Let k(z) = 22*z + 2. Let p = -6583 - -6763. Calculate the remainder when p is divided by k(2).
42
Let x(w) = -3*w**3 - 27*w**2 - 58*w - 7. Calculate the remainder when 217 is divided by x(-6).
13
Suppose -b + 30 = 2*b. Suppose -b = 2*y - 30. Calculate the remainder when 26 is divided by y.
6
Let j(c) = c**3 + 2*c**2 + 40*c + 1031. Calculate the remainder when j(0) is divided by 9.
5
Suppose -4*c = 5*p - 124, -4*p - p = -2*c - 148. Calculate the remainder when 71 is divided by p.
15
What is the remainder when 819/27 + (-2)/6 is divided by -36*((-11)/66 + 1/(-3))?
12
Suppose 3*p = 3, -2*n = 3*n + 4*p - 29. Let j = 232 - 228. What is the remainder when n is divided by j?
1
Let w = -311 + 532. Let x = w + -129. Calculate the remainder when x is divided by (-2)/3*651/(-14).
30
Let c = -238 + 330. What is the remainder when c is divided by 32?
28
What is the remainder when 76 is divided by 0*8/(-64) - (4 + -26)?
10
Suppose -14 = 4*s - 5*n, -12 = 3*s + 3*n - 6*n. Suppose -58*o - c - 48 = -63*o, -2*c + 14 = 0. What is the remainder when ((-76)/6)/(2/s) is divided by o?
5
Let f = -12 + 26. Calculate the remainder when f is divided by 6 + 0 + 2 + -1.
0
Let x = -295 - -418. What is the remainder when x is divided by 28?
11
Let 